126107
What are the prime factors of 13303971?
3, 19, 77801
What are the prime factors of 379792?
2, 7, 3391
What are the prime factors of 715579?
715579
List the prime factors of 15378663.
3, 5126221
What are the prime factors of 658096?
2, 41131
What are the prime factors of 2546075?
5, 7, 14549
List the prime factors of 324242.
2, 223, 727
List the prime factors of 609312.
2, 3, 11, 577
List the prime factors of 21488141.
23, 41, 22787
List the prime factors of 1735642.
2, 227, 3823
What are the prime factors of 2803026?
2, 3, 467171
What are the prime factors of 1241587?
1241587
List the prime factors of 976477.
976477
List the prime factors of 381062.
2, 11, 17321
List the prime factors of 5941456.
2, 371341
What are the prime factors of 1404683?
7, 109, 263
What are the prime factors of 581986?
2, 290993
List the prime factors of 3665674.
2, 223, 8219
What are the prime factors of 21385575?
3, 5, 17, 5591
List the prime factors of 93788.
2, 23447
What are the prime factors of 92989?
13, 23, 311
What are the prime factors of 111498?
2, 3, 18583
What are the prime factors of 200718?
2, 3, 7, 59
List the prime factors of 1900993.
73, 26041
What are the prime factors of 540575?
5, 7, 3089
What are the prime factors of 473468?
2, 41, 2887
What are the prime factors of 31976?
2, 7, 571
List the prime factors of 175515.
3, 5, 11701
What are the prime factors of 1448518?
2, 724259
What are the prime factors of 1231869?
3, 410623
What are the prime factors of 5350383?
3, 31, 127, 151
What are the prime factors of 756060?
2, 3, 5, 12601
List the prime factors of 8113795.
5, 149, 10891
List the prime factors of 699807.
3, 89, 2621
List the prime factors of 93051.
3, 7, 211
List the prime factors of 146727.
3, 7, 17, 137
List the prime factors of 4754819.
1217, 3907
List the prime factors of 129239.
11, 31, 379
What are the prime factors of 896032?
2, 28001
List the prime factors of 3101072.
2, 13, 17, 877
List the prime factors of 6361631.
89, 71479
List the prime factors of 748938.
2, 3, 124823
List the prime factors of 449266.
2, 224633
List the prime factors of 3076803.
3, 19, 947
List the prime factors of 3065669.
19, 47, 3433
What are the prime factors of 2467723?
79, 31237
List the prime factors of 3133297.
3133297
What are the prime factors of 402285?
3, 5, 13, 2063
List the prime factors of 21760322.
2, 43, 89, 2843
What are the prime factors of 187273?
187273
What are the prime factors of 19420862?
2, 211, 46021
What are the prime factors of 294774?
2, 3, 73, 673
What are the prime factors of 370494?
2, 3, 2287
List the prime factors of 11927876.
2, 67, 44507
What are the prime factors of 2062747?
2062747
What are the prime factors of 1956983?
7, 263, 1063
List the prime factors of 279230.
2, 5, 7, 3989
List the prime factors of 6470028.
2, 3, 53, 3391
List the prime factors of 24546814.
2, 127, 241, 401
List the prime factors of 143283.
3, 7, 6823
What are the prime factors of 634933?
13, 17
List the prime factors of 736017.
3, 245339
List the prime factors of 3463308.
2, 3, 17, 5659
List the prime factors of 468917.
41, 11437
What are the prime factors of 5488319?
179, 30661
List the prime factors of 26601811.
26601811
List the prime factors of 11878195.
5, 7, 73, 4649
List the prime factors of 507128.
2, 63391
List the prime factors of 17689707.
3, 7, 17, 83, 199
List the prime factors of 60986.
2, 30493
What are the prime factors of 12391577?
11, 701, 1607
List the prime factors of 67255.
5, 13451
List the prime factors of 33795197.
33795197
What are the prime factors of 5491858?
2, 2745929
List the prime factors of 62960.
2, 5, 787
What are the prime factors of 18773883?
3, 695329
List the prime factors of 10665123.
3, 7, 23, 71, 311
What are the prime factors of 1093834?
2, 7, 23, 43, 79
What are the prime factors of 1020819?
3, 227, 1499
List the prime factors of 560984.
2, 70123
List the prime factors of 883703.
883703
List the prime factors of 6763474.
2, 947, 3571
What are the prime factors of 5215005?
3, 5, 17, 401
What are the prime factors of 56573?
11, 37, 139
List the prime factors of 9482885.
5, 1896577
List the prime factors of 372149.
372149
List the prime factors of 4680637.
13, 360049
What are the prime factors of 947759?
73, 12983
List the prime factors of 382474.
2, 191237
List the prime factors of 1463569.
1463569
What are the prime factors of 123677?
123677
What are the prime factors of 15410?
2, 5, 23, 67
List the prime factors of 1960000.
2, 5, 7
List the prime factors of 4207951.
11, 382541
What are the prime factors of 8071755?
3, 5, 538117
List the prime factors of 3265964.
2, 13, 181, 347
What are the prime factors of 964641?
3, 321547
List the prime factors of 4287254.
2, 2143627
List the prime factors of 220206.
2, 3, 7, 107
What are the prime factors of 672003?
3, 24889
What are the prime factors of 633259?
11, 23, 2503
What are the prime factors of 163906?
2, 81953
List the prime factors of 4313784.
2, 3, 17, 97, 109
List the prime factors of 4515676.
2, 11, 17, 6037
What are the prime factors of 29076181?
2957, 9833
List the prime factors of 467911.
107, 4373
List the prime factors of 26174738.
2, 13087369
List the prime factors of 8932060.
2, 5, 446603
What are the prime factors of 831253?
831253
List the prime factors of 2368224.
2, 3, 2741
What are the prime factors of 2889117?
3, 7, 11, 379
List the prime factors of 727976.
2, 90997
What are the prime factors of 3344883?
3, 53, 109, 193
List the prime factors of 2321553.
3, 13, 19, 241
List the prime factors of 3839795.
5, 79, 9721
What are the prime factors of 578285?
5, 115657
What are the prime factors of 2332461?
3, 821, 947
What are the prime factors of 320641?
311, 1031
What are the prime factors of 4105220?
2, 5, 7, 59, 71
List the prime factors of 1830628.
2, 17, 26921
List the prime factors of 7371731.
7371731
List the prime factors of 957269.
857, 1117
What are the prime factors of 832901?
71, 11731
What are the prime factors of 13423935?
3, 5, 7, 173, 739
List the prime factors of 255653.
255653
What are the prime factors of 691451?
691451
List the prime factors of 21715439.
283, 76733
What are the prime factors of 2294228?
2, 573557
What are the prime factors of 547611?
3, 182537
What are the prime factors of 2621043?
3, 17, 37, 463
List the prime factors of 226299.
3, 241, 313
List the prime factors of 282732.
2, 3, 23561
List the prime factors of 7340277.
3, 7, 17, 29, 709
List the prime factors of 187001.
41, 4561
What are the prime factors of 76844?
2, 19211
List the prime factors of 1251276.
2, 3, 13, 617
What are the prime factors of 8991137?
23, 223, 1753
What are the prime factors of 1587401?
191, 8311
What are the prime factors of 4112398?
2, 19, 31, 3491
List the prime factors of 476245.
5, 7, 11, 1237
What are the prime factors of 7310194?
2, 109, 33533
List the prime factors of 47043.
3, 5227
List the prime factors of 139459.
139459
List the prime factors of 3684310.
2, 5, 7, 73, 103
List the prime factors of 9660989.
13, 23, 79, 409
What are the prime factors of 206482?
2, 17, 6073
List the prime factors of 707417.
61, 11597
What are the prime factors of 164898?
2, 3, 9161
What are the prime factors of 1231095?
3, 5, 82073
What are the prime factors of 130400?
2, 5, 163
List the prime factors of 5064540.
2, 3, 5, 13, 43, 151
List the prime factors of 5446100.
2, 5, 11, 4951
List the prime factors of 2077743.
3, 692581
What are the prime factors of 279998?
2, 139999
List the prime factors of 14138460.
2, 3, 5, 7, 229
What are the prime factors of 209380?
2, 5, 19, 29
What are the prime factors of 225014?
2, 112507
What are the prime factors of 2997316?
2, 7, 167, 641
List the prime factors of 2904767.
2904767
List the prime factors of 505930.
2, 5, 50593
List the prime factors of 6103979.
7, 43, 2897
List the prime factors of 199629.
3, 41, 541
What are the prime factors of 6703489?
13, 515653
List the prime factors of 968085.
3, 5, 71, 101
What are the prime factors of 62262?
2, 3, 1153
What are the prime factors of 722014?
2, 47, 7681
List the prime factors of 160130.
2, 5, 67, 239
List the prime factors of 8716855.
5, 7, 47, 757
List the prime factors of 26433436.
2, 17, 388727
What are the prime factors of 1904353?
11,